 the prime factors of 8929?
8929
What are the prime factors of 1028?
2, 257
What are the prime factors of 1329?
3, 443
What are the prime factors of 962?
2, 13, 37
List the prime factors of 1581.
3, 17, 31
List the prime factors of 1119.
3, 373
What are the prime factors of 4732?
2, 7, 13
What are the prime factors of 537?
3, 179
List the prime factors of 12029.
23, 523
What are the prime factors of 7530?
2, 3, 5, 251
What are the prime factors of 2885?
5, 577
What are the prime factors of 2078?
2, 1039
What are the prime factors of 4453?
61, 73
List the prime factors of 3648.
2, 3, 19
List the prime factors of 2094.
2, 3, 349
List the prime factors of 182329.
7, 61
What are the prime factors of 86467?
86467
What are the prime factors of 2011?
2011
List the prime factors of 20371.
13, 1567
List the prime factors of 41750.
2, 5, 167
What are the prime factors of 38480?
2, 5, 13, 37
List the prime factors of 1583.
1583
What are the prime factors of 18433?
18433
What are the prime factors of 49?
7
List the prime factors of 5652.
2, 3, 157
List the prime factors of 70.
2, 5, 7
What are the prime factors of 13747?
59, 233
List the prime factors of 8031.
3, 2677
What are the prime factors of 22390?
2, 5, 2239
List the prime factors of 15212.
2, 3803
What are the prime factors of 31698?
2, 3, 587
What are the prime factors of 523?
523
What are the prime factors of 2093?
7, 13, 23
What are the prime factors of 57595?
5, 11519
What are the prime factors of 26004?
2, 3, 11, 197
List the prime factors of 7685.
5, 29, 53
List the prime factors of 20728.
2, 2591
What are the prime factors of 11874?
2, 3, 1979
List the prime factors of 190036.
2, 7, 11, 617
List the prime factors of 1099.
7, 157
What are the prime factors of 48896?
2, 191
What are the prime factors of 19715?
5, 3943
List the prime factors of 18536.
2, 7, 331
List the prime factors of 27526.
2, 13763
What are the prime factors of 2188?
2, 547
List the prime factors of 6331.
13, 487
List the prime factors of 2078.
2, 1039
List the prime factors of 415.
5, 83
What are the prime factors of 117381?
3, 11, 3557
List the prime factors of 187.
11, 17
What are the prime factors of 7998?
2, 3, 31, 43
List the prime factors of 8974.
2, 7, 641
List the prime factors of 31258.
2, 15629
What are the prime factors of 16746?
2, 3, 2791
What are the prime factors of 1749?
3, 11, 53
List the prime factors of 13943.
73, 191
List the prime factors of 872.
2, 109
What are the prime factors of 262?
2, 131
List the prime factors of 1930.
2, 5, 193
List the prime factors of 539.
7, 11
List the prime factors of 6303.
3, 11, 191
List the prime factors of 85338.
2, 3, 11, 431
List the prime factors of 2268.
2, 3, 7
What are the prime factors of 28584?
2, 3, 397
List the prime factors of 1026.
2, 3, 19
List the prime factors of 3290.
2, 5, 7, 47
List the prime factors of 1597.
1597
List the prime factors of 16721.
23, 727
List the prime factors of 55371.
3, 18457
List the prime factors of 130083.
3, 131, 331
List the prime factors of 14440.
2, 5, 19
What are the prime factors of 705?
3, 5, 47
List the prime factors of 20231.
20231
What are the prime factors of 4569?
3, 1523
What are the prime factors of 1045?
5, 11, 19
What are the prime factors of 203?
7, 29
What are the prime factors of 1943?
29, 67
What are the prime factors of 7294?
2, 7, 521
List the prime factors of 2827.
11, 257
List the prime factors of 169.
13
What are the prime factors of 1463?
7, 11, 19
What are the prime factors of 2073?
3, 691
What are the prime factors of 3346?
2, 7, 239
What are the prime factors of 32728?
2, 4091
What are the prime factors of 48352?
2, 1511
List the prime factors of 4087.
61, 67
List the prime factors of 742.
2, 7, 53
What are the prime factors of 4502?
2, 2251
List the prime factors of 16278.
2, 3, 2713
List the prime factors of 3465.
3, 5, 7, 11
List the prime factors of 16796.
2, 13, 17, 19
List the prime factors of 441.
3, 7
What are the prime factors of 8662?
2, 61, 71
List the prime factors of 3611.
23, 157
List the prime factors of 5825.
5, 233
List the prime factors of 55352.
2, 11, 17, 37
List the prime factors of 3236.
2, 809
What are the prime factors of 3662?
2, 1831
List the prime factors of 7469.
7, 11, 97
List the prime factors of 1367.
1367
What are the prime factors of 718?
2, 359
List the prime factors of 3166.
2, 1583
What are the prime factors of 4838?
2, 41, 59
List the prime factors of 16973.
11, 1543
List the prime factors of 14378.
2, 7, 13, 79
What are the prime factors of 9445?
5, 1889
What are the prime factors of 7773?
3, 2591
What are the prime factors of 144377?
353, 409
What are the prime factors of 733?
733
List the prime factors of 2878.
2, 1439
List the prime factors of 1661.
11, 151
What are the prime factors of 796?
2, 199
List the prime factors of 478.
2, 239
List the prime factors of 1498.
2, 7, 107
List the prime factors of 15102.
2, 3, 839
What are the prime factors of 4924?
2, 1231
What are the prime factors of 484?
2, 11
List the prime factors of 17972.
2, 4493
List the prime factors of 2046.
2, 3, 11, 31
List the prime factors of 89.
89
List the prime factors of 26387.
26387
List the prime factors of 147479.
139, 1061
What are the prime factors of 15535?
5, 13, 239
List the prime factors of 10609.
103
What are the prime factors of 5659?
5659
List the prime factors of 925.
5, 37
What are the prime factors of 1476?
2, 3, 41
What are the prime factors of 1908?
2, 3, 53
What are the prime factors of 3353?
7, 479
List the prime factors of 20223.
3, 7, 107
What are the prime factors of 1053?
3, 13
List the prime factors of 21412.
2, 53, 101
What are the prime factors of 34?
2, 17
List the prime factors of 3798.
2, 3, 211
What are the prime factors of 16465?
5, 37, 89
What are the prime factors of 37926?
2, 3, 7, 43
List the prime factors of 53191.
43, 1237
List the prime factors of 1302.
2, 3, 7, 31
What are the prime factors of 72345?
3, 5, 7, 13, 53
What are the prime factors of 2147?
19, 113
What are the prime factors of 13450?
2, 5, 269
What are the prime factors of 1730?
2, 5, 173
What are the prime factors of 7491?
3, 11, 227
What are the prime factors of 1509?
3, 503
What are the prime factors of 1530?
2, 3, 5, 17
What are the prime factors of 133?
7, 19
List the prime factors of 52402.
2, 7, 19, 197
What are the prime factors of 877?
877
List the prime factors of 16583.
7, 23, 103
List the prime factors of 8117.
8117
What are the prime factors of 2654?
2, 1327
What are the prime factors of 253?
11, 23
What are the prime factors of 2708?
2, 677
List the prime factors of 319.
11, 29
What are the prime factors of 84?
2, 3, 7
List the prime factors of 38162.
2, 19081
List the prime factors of 1086.
2, 3, 181
List the prime factors of 94403.
67, 1409
What are the prime factors of 3997?
7, 571
List the prime factors of 1170.
2, 3, 5, 13
List the prime factors of 1674.
2, 3, 31
What are the prime factors of 28943?
103, 281
What are the prime factors of 1444?
2, 19
What are the prime factors of 3959?
37, 107
What are the prime factors of 33285?
3, 5, 7, 317
What are the prime factors of 70?
2, 5, 7
List the prime factors of 37687.
13, 223
List the prime factors of 8761.
8761
What are the prime factors of 7667?
11, 17, 41
What are the prime factors of 2393?
2393
List the prime factors of 6656.
2, 13
What are the prime factors of 5597?
29, 193
List the prime factors of 88467.
3, 37, 797
What are the prime factors of 4103?
11, 373
List the prime factors of 43317.
3, 4813
List the prime factors of 54.
2, 3
List the prime factors of 24857.
7, 53, 67
What are the prime factors of 36599?
36599
What are the prime factors of 48981?
3, 29, 563
What are the prime factors of 13527?
3, 167
List the prime factors of 3994.
2, 1997
What are the prime factors of 19776?
2, 3, 103
What are the prime factors of 7419?
3, 2473
What are the prime factors of 14648?
2, 1831
List the prime factors of 9055.
5, 1811
List the prime factors of 28971.
3, 29, 37
What are the prime factors of 1123?
1123
What are the prime factors of 2231?
23, 97
List the prime factors of 98.
2, 7
List the prime factors of 98145.
3, 5, 727
List the prime factors of 248.
2, 31
List the prime factors of 75691.
7, 11, 983
What are